n + 12. Let m be s(-18). What is the hundreds digit of 700 - (m + -1 - -1)?
7
Let c = 13118 - 4892. What is the tens digit of c?
2
Let g(v) = -236*v - 5. Let j = -49 - -47. What is the hundreds digit of g(j)?
4
Suppose -6*x + 270 - 114 = 0. Suppose -9*w + x = -8*w. Suppose k - 126 = -w. What is the hundreds digit of k?
1
Let g(j) = j + 14. Let a be g(-10). Suppose -5 = r - 5*i, 5*r - 34 = 4*i + a. What is the units digit of 22 + 0 - r/5?
0
Suppose 13*y = 12*y - 3*b + 3488, 4*y - b = 13939. Suppose -3*a = -7*a - 3*q + 2815, 3*q + y = 5*a. What is the hundreds digit of a?
7
Suppose -3*m + 5 = -4*m, 4*z - m = 1109. Suppose 1371 = 2*b - l - z, 5*b = -2*l + 4131. What is the tens digit of b?
2
Let x(m) = -3*m**3 + 31*m**2 - 3*m - 21. What is the hundreds digit of x(7)?
4
Suppose 22516 = 4*p + 4*b, 0 = -p - 0*p - 3*b + 5625. What is the thousands digit of p?
5
Suppose -17*v + 3*v = -3416. Suppose -p + 150 = -5*z, -4*p + 300 = -2*p - 3*z. Let c = v - p. What is the units digit of c?
4
Suppose -3527634 = -60*s - 1318194. What is the units digit of s?
4
Suppose 2*t + 2*b = 29404, 2*b = 489*t - 493*t + 58812. What is the tens digit of t?
0
Let q = -4297 + 7249. Suppose q + 258 = 6*j. What is the tens digit of j?
3
Let p = 872 + -119. Let k = p + -118. What is the hundreds digit of k?
6
Let n(x) = x + 1. Let o be n(3). Suppose u = o*m - 1369, 3*m + 7*u = 2*u + 998. What is the units digit of m?
1
Let i(c) = -401*c + 23*c + 208*c + 58. What is the hundreds digit of i(-3)?
5
Let o(t) = 9*t**2 + 33*t - 37. What is the units digit of o(-17)?
3
Let w be ((-12)/(-14))/(6/210). Let y be (156/(-30))/(3 + (-93)/w). Suppose -5*v - q + 735 = -y, 3*q = -3*v + 465. What is the tens digit of v?
5
Let u(k) = -k**3 - 9*k**2 + 14*k + 10. Let o = 62 + -73. What is the units digit of u(o)?
8
Suppose 38680 + 4247 = 9*l - 2973. What is the thousands digit of l?
5
Let l(x) = -24*x - 110. Let v(z) = -25*z - 109. Let o(g) = -5*l(g) + 6*v(g). What is the tens digit of o(-52)?
5
What is the tens digit of (-101048)/(-14) - (0 + 14 - (-900)/(-63))?
1
Let i = 108 + -93. Suppose -9 = -8*t + i. Suppose 3*j - 896 = -2*j + t*q, 0 = 5*j - q - 892. What is the tens digit of j?
7
Let i be 4*1*(-15)/(-12). Let h be (-2)/4*i*-2. What is the tens digit of 160/3 + h/(-15)?
5
Let c be (-8)/(96/(-30))*10062/15. Suppose -5*o = 5*t - 2795, -5*t + c = 3*o - 0*t. What is the tens digit of o?
5
Suppose 312*i + 3706748 = 463*i. What is the units digit of i?
8
Let k(t) = 2*t**2 - 36*t + 48. Let w(z) be the first derivative of -z**3/3 + 9*z**2 - 24*z + 18. Let y(n) = 3*k(n) + 7*w(n). What is the units digit of y(16)?
8
Let q(j) = j**3 + 6*j**2 - 5*j + 12. Let c be q(-7). Let b be c/1*(-2)/(4/2). Suppose -2*w = 0, -4*o + w + 142 = -b*o. What is the tens digit of o?
7
What is the tens digit of 6544/2 - (-8 - -44)/(-6)?
7
Suppose 4*g + 5*p + 8 - 210 = 0, 2*g = -p + 98. Suppose 4*f = 12*f - g. What is the units digit of f?
6
Let o = -25 - -30. Let b(s) = 6*s**3 - 16 - o*s**3 + 15*s**2 - 6*s**2 - 13*s. What is the units digit of b(-10)?
4
Suppose 328*h - 283*h - 210420 = 0. What is the thousands digit of h?
4
Suppose 0 = 8*c - 9*c + 5. Suppose -12 = -c*n + 3. Suppose -142 = -2*v + n*d + 143, -288 = -2*v + 4*d. What is the units digit of v?
8
Let k be -26 + 25 + 1*16967. What is the units digit of (-1)/(-7) - (-3)/42*k?
2
Let k(d) = 26*d**2 - d + 2. Suppose -6 = -3*w + 6, -2*j - w = -6. Let b be k(j). Let x = b + 4. What is the tens digit of x?
3
What is the tens digit of (32963/(-196))/(2 - 90/48)*-7?
1
Let j(v) = 149*v - 38. Let b(c) = -50*c + 13. Let q(p) = 11*b(p) + 4*j(p). Suppose -13*n = -9*n - 16. What is the hundreds digit of q(n)?
1
Let f(p) = 8*p**2 + 72*p + 1. Let q be f(-17). Let i = -499 + q. What is the tens digit of i?
9
Let t be 2/(-5)*(-3 + -227). Let m(q) = 19*q**2 + 56*q - 2. Let d be m(-4). Let c = d + t. What is the units digit of c?
0
Let u(n) = 71*n**2 + n. Let q be 6/2 + 0/(6/(-2)). Suppose 1 = -q*m + 4. What is the tens digit of u(m)?
7
Let o(z) = -48464*z - 1339. What is the tens digit of o(-1)?
2
What is the units digit of (-2*1883)/(-23 + 402/18)?
9
Let x(f) = -15*f**3 - 29*f**2 + 5*f - 45. What is the tens digit of x(-8)?
3
Let n be (2/(-3))/(3/(-18)). Let i = 8 + 135. Suppose i + 293 = n*z. What is the hundreds digit of z?
1
Let k = 44041 - 28769. What is the tens digit of k?
7
Let z = 401 - 436. Suppose v + 3*q = 174, 870 = v + 4*v + q. Let i = z + v. What is the hundreds digit of i?
1
Suppose -3*j - 459 - 153 = 2*k, 2*j - 4 = 0. What is the units digit of k/(-6)*2*7?
1
Let w(f) = -f**3 + 9*f**2 - 14*f + 2. Let x be w(7). Suppose 2*v - x*a - 492 = 2*a, 3*a - 973 = -4*v. What is the tens digit of v?
4
Suppose 8422 = h + 2136. What is the hundreds digit of h?
2
Let l(k) = 1421*k - 622. What is the tens digit of l(6)?
0
Suppose 4716*m - 4717*m + 25132 = 524. What is the units digit of m?
8
Let n be -3 - (5/5 + 401). Let i = 1344 + n. What is the tens digit of i?
3
Let r(k) = -13*k - 6. Let q be (-1)/(-4) + (-490)/40. Let v = -17 - q. What is the units digit of r(v)?
9
Let f(x) = 163*x - 7. Let g(c) = -c - 1. Let b(s) = f(s) + 6*g(s). What is the units digit of b(2)?
1
Let l(f) = -f**3 - 7*f**2 - 3*f - 5. Suppose x - 8 + 61 = -5*c, -c - 13 = -x. Let d = -19 - c. What is the tens digit of l(d)?
8
Let v(j) be the third derivative of j**5/12 + 7*j**4/24 + 23*j**3/6 - 2*j**2 + 7. What is the hundreds digit of v(8)?
3
Suppose -5*y + 0*y - 5 = 0. What is the hundreds digit of (42/(-9) - -5)/(y/(-981))?
3
Let l(n) = 39*n**2 - 5*n - 10. Suppose -8 + 9 = p - 4*g, -p - 2*g = 5. What is the units digit of l(p)?
6
Suppose -17*s = -40*s + 759. Suppose -11*r + s*r - 5522 = 0. What is the hundreds digit of r?
2
Let w = -37151 - -126372. What is the hundreds digit of w?
2
Let w(y) = y**3 + 13*y**2 + 28*y - 27. Suppose -69*u - 36 = -65*u. What is the units digit of w(u)?
5
Let h(n) = -13084*n + 1402. What is the thousands digit of h(-2)?
7
Let y(h) = -1022*h - 5. Suppose 0 = -29*i + 25 - 83. What is the thousands digit of y(i)?
2
Suppose 47*p = 54*p - 14672. Let j = p + -1144. What is the tens digit of j?
5
Let v(j) = -4*j**2 - 4*j + 7. Let x be v(-12). Let n = 815 + x. What is the units digit of n?
4
Suppose 280*v - 118*v - 597412 = 797732. What is the units digit of v?
2
Let h(o) = -o**3 + 25*o**2 - 45*o + 19. What is the units digit of h(21)?
8
Suppose 87135 = 19*m - 37*m + 471939. What is the ten thousands digit of m?
2
Let a(r) = 861*r**2 - 526*r - 12. What is the units digit of a(7)?
5
Let x(h) = 0*h + h - 3*h - 4*h - 2. Let k be (-4 - -5 - 0)/(-1). What is the units digit of x(k)?
4
Suppose -9982 + 137979 = 144*q - 805699. What is the hundreds digit of q?
4
Suppose -3*m + 7*m = 8. Suppose b + m*f - 129 = 4, 2*b + 2*f = 256. What is the hundreds digit of b?
1
Let n(f) be the first derivative of 33*f**2 - 33*f + 2. Let i be n(8). Suppose 3*b = -8*b + i. What is the units digit of b?
5
Let c(n) = 21*n + 19. Suppose 18*d + 30 = 23*d. Let r be c(d). Let q = -78 + r. What is the units digit of q?
7
Let t(w) = 0*w**3 - 24*w + 4*w**3 + 18 - 5*w**3 - 23*w**2. Let m be t(-22). Suppose 26 - m = -u. What is the units digit of u?
6
Let b(f) = 21*f**2 - 12*f - 32. Let m be b(8). Suppose m = 17*w - 9*w. What is the units digit of w?
2
Let p(z) = z**2 - 20*z - 61. Let d be p(23). Suppose d*t = 2038 - 454. What is the units digit of t?
8
Let s = 24599 + -13927. What is the hundreds digit of s?
6
Let g(i) = 9113*i - 563. What is the ten thousands digit of g(6)?
5
Suppose 0 = 3*p - 8639 - 8254. What is the thousands digit of p?
5
Suppose -3*f + 0*f + u + 7 = 0, 4*u - 2 = 2*f. Let c be f/(-12) + 51/12. Suppose -5*x + c*l + 362 = -0*l, -5*l + 195 = 3*x. What is the units digit of x?
0
Let v(x) = -x**3 + 34*x**2 + 71*x + 37. Let l be v(36). What is the hundreds digit of l/(-8) + 320722/272?
1
Suppose 2*d - d - 3 = 0. Suppose y - 16 = 2*k, 2 + 10 = y - d*k. What is the hundreds digit of 4136/y + 1/(-3)?
1
Let y = 21 - 11. Suppose -32*o = -27*o - y. What is the tens digit of 210*(6/4 + -3 + o)?
0
Let u(c) = c**2. Let d(i) = i**3 + 40*i**2 + 54*i + 177. Let v(o) = -d(o) + 6*u(o). What is the tens digit of v(-33)?
1
What is the units digit of 133287/(-7)*((-8)/24 - 0)?
7
Let a be -4 - 9/4*(-9 - 267). Let m = -356